{"id":136,"date":"2023-09-23T17:04:47","date_gmt":"2023-09-23T17:04:47","guid":{"rendered":"https:\/\/boutique.dorotheemanagerdubonheur.fr\/?post_type=product&#038;p=136"},"modified":"2023-09-23T17:11:40","modified_gmt":"2023-09-23T17:11:40","slug":"pochette-vulva-witchy-vibes","status":"publish","type":"product","link":"https:\/\/boutique.dorotheemanagerdubonheur.fr\/index.php\/produit\/pochette-vulva-witchy-vibes\/","title":{"rendered":"Pochette Vulva                                                                                                                           WITCHY VIBES"},"content":{"rendered":"<p><b>Jolie Pochette Vulva<\/b><\/p>\n<div class=\"flex-1 overflow-hidden\">\n<div class=\"react-scroll-to-bottom--css-mkaqv-79elbk h-full dark:bg-gray-800\">\n<div class=\"react-scroll-to-bottom--css-mkaqv-1n7m0yu\">\n<div class=\"flex flex-col text-sm dark:bg-gray-800\">\n<div class=\"group w-full text-token-text-primary border-b border-black\/10 gizmo:border-0 dark:border-gray-900\/50 gizmo:dark:border-0 bg-gray-50 gizmo:bg-transparent dark:bg-[#444654] gizmo:dark:bg-transparent\" data-testid=\"conversation-turn-3\">\n<div class=\"p-4 justify-center text-base md:gap-6 md:py-6 m-auto\">\n<div class=\"flex flex-1 gap-4 text-base mx-auto md:gap-6 md:max-w-2xl lg:max-w-[38rem] xl:max-w-3xl }\">\n<div class=\"relative flex w-[calc(100%-50px)] flex-col gap-1 md:gap-3 lg:w-[calc(100%-115px)]\">\n<div class=\"flex flex-grow flex-col gap-3 max-w-full\">\n<div class=\"min-h-[20px] flex flex-col items-start gap-3 overflow-x-auto whitespace-pre-wrap break-words\">\n<div class=\"markdown prose w-full break-words dark:prose-invert light\">\n<p><strong>Description<\/strong>: La Pochette Artisanale &#8220;Vulva&#8221; est cr\u00e9\u00e9e avec passion et pr\u00e9cision.<br \/>\nChaque pochette est confectionn\u00e9e \u00e0 la main , ce qui signifie que chaque pi\u00e8ce est unique en son genre.<br \/>\nFabriqu\u00e9e avec des mat\u00e9riaux de haute qualit\u00e9 et une attention m\u00e9ticuleuse aux d\u00e9tails.<\/p>\n<p><strong>Caract\u00e9ristiques principales:<\/strong><\/p>\n<p>Pochette rose<br \/>\nTissus coton et gaze de coton.<br \/>\nfermeture \u00e0 pression<\/p>\n<p>Motifs vulves \/yeux et feuillages<\/p>\n<p><strong>Dimensions:<\/strong><\/p>\n<ul>\n<li>Largeur : \u00a0cm<\/li>\n<li>Hauteur : \u00a0cm<\/li>\n<\/ul>\n<p><strong>Entretien:<\/strong> Pour pr\u00e9server la beaut\u00e9 de votre pochette artisanale, nous vous recommandons de la nettoyer d\u00e9licatement \u00e0 l&#8217;aide d&#8217;un chiffon doux et humide en cas de besoin.<\/p>\n<p><em>Note: Chaque pochette est unique, les motifs et les d\u00e9tails peuvent varier l\u00e9g\u00e8rement d&#8217;une pi\u00e8ce \u00e0 l&#8217;autre en raison de sa fabrication artisanale.<\/em><\/p>\n<\/div>\n<\/div>\n<\/div>\n<\/div>\n<\/div>\n<\/div>\n<\/div>\n<div class=\"h-32 md:h-48 flex-shrink-0\"><\/div>\n<\/div>\n<\/div>\n<\/div>\n<\/div>\n<div class=\"absolute bottom-0 left-0 w-full border-t md:border-t-0 dark:border-white\/20 md:border-transparent md:dark:border-transparent md:bg-vert-light-gradient bg-white dark:bg-gray-800 md:!bg-transparent dark:md:bg-vert-dark-gradient pt-2 md:pl-2 md:w-[calc(100%-.5rem)]\">\n<form class=\"stretch mx-2 flex flex-row gap-3 last:mb-2 md:mx-4 md:last:mb-6 lg:mx-auto lg:max-w-2xl xl:max-w-3xl\">\n<div class=\"relative flex h-full flex-1 items-stretch md:flex-col\">\n<div>\n<div class=\"h-full flex ml-1 md:w-full md:m-auto md:mb-4 gap-0 md:gap-2 justify-center\"><\/div>\n<\/div>\n<\/div>\n<\/form>\n<\/div>\n","protected":false},"excerpt":{"rendered":"<p>Jolie Pochette Vulva Description: La Pochette Artisanale &#8220;Vulva&#8221; est cr\u00e9\u00e9e avec passion et pr\u00e9cision. Chaque pochette est confectionn\u00e9e \u00e0 la main , ce qui signifie que chaque pi\u00e8ce est unique en son genre. Fabriqu\u00e9e avec des mat\u00e9riaux de haute qualit\u00e9 &hellip;<\/p>\n<p class=\"read-more\"> <a class=\"more-link\" href=\"https:\/\/boutique.dorotheemanagerdubonheur.fr\/index.php\/produit\/pochette-vulva-witchy-vibes\/\"> <span class=\"screen-reader-text\">Pochette Vulva                                                                                                                           WITCHY VIBES<\/span> Read More &raquo;<\/a><\/p>\n","protected":false},"featured_media":137,"comment_status":"open","ping_status":"closed","template":"","meta":[],"product_cat":[15],"product_tag":[],"_links":{"self":[{"href":"https:\/\/boutique.dorotheemanagerdubonheur.fr\/index.php\/wp-json\/wp\/v2\/product\/136"}],"collection":[{"href":"https:\/\/boutique.dorotheemanagerdubonheur.fr\/index.php\/wp-json\/wp\/v2\/product"}],"about":[{"href":"https:\/\/boutique.dorotheemanagerdubonheur.fr\/index.php\/wp-json\/wp\/v2\/types\/product"}],"replies":[{"embeddable":true,"href":"https:\/\/boutique.dorotheemanagerdubonheur.fr\/index.php\/wp-json\/wp\/v2\/comments?post=136"}],"wp:featuredmedia":[{"embeddable":true,"href":"https:\/\/boutique.dorotheemanagerdubonheur.fr\/index.php\/wp-json\/wp\/v2\/media\/137"}],"wp:attachment":[{"href":"https:\/\/boutique.dorotheemanagerdubonheur.fr\/index.php\/wp-json\/wp\/v2\/media?parent=136"}],"wp:term":[{"taxonomy":"product_cat","embeddable":true,"href":"https:\/\/boutique.dorotheemanagerdubonheur.fr\/index.php\/wp-json\/wp\/v2\/product_cat?post=136"},{"taxonomy":"product_tag","embeddable":true,"href":"https:\/\/boutique.dorotheemanagerdubonheur.fr\/index.php\/wp-json\/wp\/v2\/product_tag?post=136"}],"curies":[{"name":"wp","href":"https:\/\/api.w.org\/{rel}","templated":true}]}}