{"id":116,"date":"2023-08-27T21:31:09","date_gmt":"2023-08-27T21:31:09","guid":{"rendered":"https:\/\/boutique.dorotheemanagerdubonheur.fr\/?post_type=product&#038;p=116"},"modified":"2023-08-27T21:31:09","modified_gmt":"2023-08-27T21:31:09","slug":"brume-sereno-detente-et-apaisement-shanti","status":"publish","type":"product","link":"https:\/\/boutique.dorotheemanagerdubonheur.fr\/index.php\/produit\/brume-sereno-detente-et-apaisement-shanti\/","title":{"rendered":"Brume Sereno d\u00e9tente et apaisement SHANTI"},"content":{"rendered":"<p><em>&#8220;Enveloppe toi d&#8217;une brume de fra\u00eecheur.&#8221;<\/em><\/p>\n<p>La brume Sereno pour la d\u00e9tente et l&#8217;apaisement.<br \/>\nUn spray au doux parfum avec ses pierres \u00a0\u00e9nerg\u00e9tis\u00e9.<br \/>\nContenance: 50 ml<\/p>\n<p>Il t&#8217;apportera d\u00e9tente et s\u00e9r\u00e9nit\u00e9<\/p>\n<p><strong>Conseil d&#8217;utilisation:<br \/>\n<\/strong>Brume \u00e0 vaporiser.<br \/>\nComme ce produit contient des huiles essentielles, il est d\u00e9conseill\u00e9 au premier trimestre de grossesse, b\u00e9b\u00e9s, enfants de moins de 3 ans et animaux.<\/p>\n<p><strong>Ingr\u00e9dients naturels et de haute qualit\u00e9.<\/strong><br \/>\nAlcool,Eau distill\u00e9e, huiles essentielles sans CMR: Ylang Ylang, Patchouli, G\u00e9ranium. extraits et de cristaux, lapis lazuli<\/p>\n<p>Cr\u00e9ation SHANTI<\/p>\n","protected":false},"excerpt":{"rendered":"<p>&#8220;Enveloppe toi d&#8217;une brume de fra\u00eecheur.&#8221; La brume Sereno pour la d\u00e9tente et l&#8217;apaisement. Un spray au doux parfum avec ses pierres \u00a0\u00e9nerg\u00e9tis\u00e9. Contenance: 50 ml Il t&#8217;apportera d\u00e9tente et s\u00e9r\u00e9nit\u00e9 Conseil d&#8217;utilisation: Brume \u00e0 vaporiser. Comme ce produit contient &hellip;<\/p>\n<p class=\"read-more\"> <a class=\"more-link\" href=\"https:\/\/boutique.dorotheemanagerdubonheur.fr\/index.php\/produit\/brume-sereno-detente-et-apaisement-shanti\/\"> <span class=\"screen-reader-text\">Brume Sereno d\u00e9tente et apaisement SHANTI<\/span> Read More &raquo;<\/a><\/p>\n","protected":false},"featured_media":117,"comment_status":"open","ping_status":"closed","template":"","meta":[],"product_cat":[15],"product_tag":[],"_links":{"self":[{"href":"https:\/\/boutique.dorotheemanagerdubonheur.fr\/index.php\/wp-json\/wp\/v2\/product\/116"}],"collection":[{"href":"https:\/\/boutique.dorotheemanagerdubonheur.fr\/index.php\/wp-json\/wp\/v2\/product"}],"about":[{"href":"https:\/\/boutique.dorotheemanagerdubonheur.fr\/index.php\/wp-json\/wp\/v2\/types\/product"}],"replies":[{"embeddable":true,"href":"https:\/\/boutique.dorotheemanagerdubonheur.fr\/index.php\/wp-json\/wp\/v2\/comments?post=116"}],"wp:featuredmedia":[{"embeddable":true,"href":"https:\/\/boutique.dorotheemanagerdubonheur.fr\/index.php\/wp-json\/wp\/v2\/media\/117"}],"wp:attachment":[{"href":"https:\/\/boutique.dorotheemanagerdubonheur.fr\/index.php\/wp-json\/wp\/v2\/media?parent=116"}],"wp:term":[{"taxonomy":"product_cat","embeddable":true,"href":"https:\/\/boutique.dorotheemanagerdubonheur.fr\/index.php\/wp-json\/wp\/v2\/product_cat?post=116"},{"taxonomy":"product_tag","embeddable":true,"href":"https:\/\/boutique.dorotheemanagerdubonheur.fr\/index.php\/wp-json\/wp\/v2\/product_tag?post=116"}],"curies":[{"name":"wp","href":"https:\/\/api.w.org\/{rel}","templated":true}]}}